 (-2754 - -2736)?
16
Evaluate 21 - ((-1 - -15) + (807 - 805)).
5
-32 + (18 + -60 - -57) - 100
-117
Evaluate 15 + 2 - (-720 - -710).
27
What is -1246 + 1380 + (-9 + 4 - -3)?
132
Calculate 114 + (79 - 19) + -18 + -30.
126
What is the value of -4 - (314 - 331 - (5 + 1)) - -73?
92
Calculate -10 + (-29 + 67 - 105 - -48).
-29
What is -27 + (25 - (25 - (26 - -5)))?
4
-7 - (-2 + -7 + 16 - (-1 - 37))
-52
Evaluate -15 - (46 - (83 - -58)).
80
-61 - ((-64 - 10) + -24)
37
2 - (-3 - -12) - (-115 - -104)
4
-1 - -30 - (11 + -6) - (4 - (10 + -2))
28
Calculate 47 - (-166 + 191 - (-3 - 2)).
17
Calculate 8 + -4 + (-11 - -5) + -6 - 39.
-47
What is 47 + (1 - 170) + -2796 + 2830?
-88
Calculate (-2 - 1) + (-24 - -5) - (-72 - -82 - 4).
-28
What is 1076 - 1070 - (10 - -1 - -2)?
-7
What is the value of (27 - (109 - -2)) + 2?
-82
Calculate 36 + 34 + -63 - (-1 + -17 - -1).
24
Calculate 31 + 40 - (-123 + 232).
-38
Calculate -9 + (20 - -9) - 1.
19
What is the value of 11 + -11 + -12 - -30 - -13?
31
What is (135 + 25 - 195) + (0 - -15)?
-20
What is -20 + (-47 - 48) + 80?
-35
Evaluate 48 + -46 - (-3 + 1) - (-23 - -40).
-13
What is the value of -4 - 131 - (-753 - -717)?
-99
Calculate 1 - 1 - (-475 - -498) - 30.
-53
What is the value of (-7 - 2) + 60 + (59 - 131)?
-21
-77 - (29 + -52) - (-8 + 26 - 0)
-72
What is -2 + -56 + (-3 + -1 - (851 + -859))?
-54
Evaluate (96 - (47 + -23) - (-1 + -6 - -1)) + 13.
91
Evaluate -48 + -17 + -17 + 57.
-25
What is (294 + -232 - (-9 - 1)) + 2 + -4 - -4?
74
What is 11 - (-13 + 6 - -23 - 20)?
15
What is the value of (15 + -29 - (-14 + 0)) + 9 - (-39 + 3)?
45
What is the value of (13 - -69) + -188 - (-22 - -1)?
-85
Evaluate (-71 - (30 + 12)) + (-12 - -12) + (1 - -12).
-100
Evaluate -9 + (-4 + 1 - ((1 - -18) + -17) - -37).
23
Calculate 11 - (-50 + 12 + 79).
-30
What is the value of -53 + (-3 + 19 + 1 - (13 + -8))?
-41
Evaluate -234 - (46 + -147) - 2.
-135
Evaluate -43 + (158 - -2) + -87.
30
What is 62 + (-14 - (-20 + 13 + -10)) + -2?
63
What is 13 - (-6 - (1 + (-28 - 45)))?
-53
What is (4 - (-1 + -23)) + 58 + -44?
42
Evaluate -65 + 18 + 31 + -24 + -17.
-57
What is 52 + (-57 - -65 - 27)?
33
Calculate -2 + -8 - (-16 + -40 + 77).
-31
What is the value of (-22 - -12) + (1 - 7) + -10 + 11 + -3?
-18
-6 - (0 - -1) - (-80 - (-13 - -2))
62
Evaluate (-13 + (11 + -6 - -26) - 21) + -42.
-45
10 + -10 + -2 + (48 - 12) + 13
47
0 - (-1 - -12) - (128 + 205 + -278)
-66
Calculate (-25 - -62) + 27 - 114.
-50
Calculate 45 - (-67 + 64 + 31).
17
Evaluate 0 + 4 + (-10 + (42 - -4) - 81).
-41
What is the value of (-49 - -15) + (-56 - 14)?
-104
Calculate (49 - (-18 + -30 + 44)) + (-1 - (2 + -2)).
52
What is the value of 4 + 97 + 4 - (-62 - -28 - -27)?
112
Evaluate (-47 - -17) + 26 - 11 - 6.
-21
Calculate 0 + (41 - (-22 + 19)).
44
What is -15 - (-62 - (9 + (-72 - -51) + 7 + -1))?
41
-2 - (-31 + -20 + 79 + -18 - (1 + 114))
103
Calculate (-1 - -21) + 34 + -45 - -41.
50
Evaluate 20 - (82 - 63) - -58.
59
What is the value of -56 + -47 - -87 - (-2 + -128)?
114
Calculate (-249 - -86) + 261 - 33.
65
What is 9 + (20 - 22) + -45?
-38
What is the value of 85 + -117 + 0 + (5 - (0 + 6 + -5))?
-28
Calculate 2 + (20 + (7 - 20) - 9) - 6.
-6
Evaluate -4 + 9 + (-1 - 2) - (14 - 15 - 11).
14
12 - -51 - -10 - 59
14
Calculate ((-10 - (21 - 25)) + -11 - 64) + -5.
-86
-49 + (-124 - (33 - 151))
-55
What is the value of (-3 - -23) + 2 + 0 - (-1 + 11)?
12
Calculate -46 - ((8 - 22) + 11).
-43
111 + 43 + -270 - 1
-117
Calculate 0 + (0 - 9) - ((51 - 81) + 26) - -19.
14
Calculate -275 + 311 - (58 - 2).
-20
Calculate 88 - 77 - -11 - 91.
-69
Calculate 50 + -32 - (-46 + 40).
24
Evaluate -84 + -121 + 166 + -64.
-103
2 + -36 - (-2378 - -2371)
-27
Evaluate -1 + 15 - (-39 - -23 - 41 - 1).
72
What is (0 - (4 + (4 - 4))) + 39 + (6 - 14)?
27
-64 - (37 + -53 + 42)
-90
Calculate -9 + (-31 - (25 - 20 - 13)).
-32
Evaluate -4 + (-5 - -6) + 111 + (-36 - -24 - -19).
115
What is (2 - 10) + (-1 - (-9 + -68 + -18 - -9))?
77
Calculate -9 + (14 + -5 - (-11 + 0)) - -10.
21
What is the value of (21 + 41 - -97) + -126?
33
What is the value of (36 - (-73 - -57)) + -70?
-18
Calculate -20 + 33 + -14 + -12 + 67.
54
Evaluate 0 + -13 + -21 + 7 + -11.
-38
Calculate (103 - 93 - -17) + -1.
26
Evaluate -11 - (-26 + 5) - 13 - 5 - (3 + 48).
-59
Calculate (3 - (-26 - -16)) + -44 + -13.
-44
What is (-24 + 30 + 15 - -10) + 129 - (12 + 0)?
148
Calculate -71 - 4 - (2 - 14 - (36 - 31)).
-58
(-34 - -19) + -27 + -2 + -11
-55
(10 - (-4 + -3)) + -5 + -1 - (-172 + 90)
93
What is the value of (15 - 12 - 115) + -116 + 148?
-80
-22 + 1 + 3 - -4 - -10
-4
What is the value of (15 + 18 - 3) + 2 + -1 + 4 + 11?
46
Evaluate 4 + -26 + 27 + -36 + 29.
-2
What is -166 + 187 - (0 - (-4 - -3))?
20
Calculate -9 - (-10 + -31 + -27).
59
-35 - (-20 + 31 + 12 + (16 - 23))
-51
What is the value of 3 + (0 - -53) - (18 + 12 + -17 + -13)?
56
Evaluate -44 + (67 - -127) + (10 - 51).
109
What is the value of (30 - (32 - -32)) + 6?
-28
0 + -6 - (3717 - 3735)
12
What is 92 - (99 + -162 + 60)?
95
What is -22 - 1 - ((-195 - -126) + 86)?
-40
-55 + (106 - -99) - 73
77
What is the value of 5 + 5 + -12 + -1 + (-4 - -40)?
33
What is 8 + 40 + (-20 + 8 - -6) + 4?
46
35 + 5 - (71 + -11 - -7)
-27
Calculate (-8 - -22) + -4 + 17 + 86.
113
What is the value of 53 + (-66 - (23 + -15))?
-21
What is the value of 3 + 21 + -34 + -2 - -16?
4
Calculate 126 + -129 + -65 + (-3 - (-2 - -1) - -1).
-69
What is the value of 14 - (21 + -49 + 7 + -35)?
70
Evaluate -85 - (-6 - (52 - 32)).
-59
What is -27 - (7 + -24 + -6)?
-4
Calculate (39 - 33) + (0 - 0) + -30 - -8.
-16
What is (-2 - (-19 - -5)) + 107 + (-5 - -16)?
130
Calculate 38 + -20 + -23 + (-1 - -6) + -5 + -4.
-9
(-5 + 6 - (22 + -3)) + 52
34
Evaluate (-1 - (8 + 26 + -81)) + 48.
94
Evaluate -1 + -71 - (-18 - 0 - (-560 - -543)).
-71
What is the value of 30 + 1 - (-5485 - -5514)?
2
What is -82 + (175 - (113 - 38))?
18
Evaluate -22 + -31 + -7 + 16 + 120.
76
Evaluate (-14 - 1) + (-43 - (2 - 48)) + 12 - -71.
71
Evaluate (7 - 12) + (28 - 49).
-26
Evaluate 15 - (16 + 13 + -35).
21
What is -19 + (81 - 22 - 47)?
-7
Evaluate 29 - 18 - -12 - 17.
6
What is the value of 13 - -3 - 0 - (371 - 363) - 4?
4
Evaluate 106 - 198 - ((1 - 17) + -11).
-65
What is the value of 6 + (-16 - (-37 + (4 - 3)))?
26
Calculate 23 + -5 + (-14 - -28) + (-4 - -4).
32
What is the value of -5 + 10 + 7 - ((-2 - 2) + (-55 - -8))?
63
(1316 - 1354) + (87 - 3)
46
5 + (121 - (111 - 102))
117
What is (71 - ((32 - 13) + -5)) + -13?
44
Evaluate -62 + (56 - 34) - -35.
-5
15 + (14 - 28 - (-20 + 12))
9
Calculate 2488 + -2539 - (-6 - (2 - 4)).
-47
Calculate (0 - -1) + -35 + (150 - (-51 + 203)).
-36
Evaluate 26 + 69 + (-299 - -83).
-121
(0 + -8 - ((104 - 81) + -44)) + -36 + 2
-21
Calculate 10 - 0 - (104 - (166 - 108)).
-36
What is -2 - -7 - (-990 + 1034)?
-39
(-68 + -3 - -3) + (768 - 758)
-58
Evaluate (63 - (-102 - -137)) + (-1 - 39).
-12
What is 4 - (-21 - (42 - 86))?
-19
Calculate -111 + 36 - -22 - 15.
-68
What is the value of -12 + -1 + 10 + -14 - -19 - 23?
-21
Evaluate -28 - (-64 + (8 - 22)) - 25.
25
Evaluate 10 + 4 + -6 + (-20 - -24 - -16).
28
-4 + (-85 - -20 - -83)
14
What is (1070 - 1055) + (1 - 5)?
11
Evaluate (54 + -102 - -41) + 1 + -68.
-74
What is the value of (12 - 15) + 8 + (0 + 10 - 6)?
9
What is the value of -1 + 2 + -7 + 4 + 3 + -24?
-23
Evaluate 29 - (40 - 33) - (-9 - -1).
30
What is the value of (91 - 28 - (4 + -14)) + -3?
70
What is the value of 4 + (-9 - (-24 - -1)) + (-8 - -3)?
13
Evaluate -3 + -49 + -7 - (-12 - (-24 - -5)).
-66
Evaluate (-167 + 37 - -72) + 48.
-10
What is the value of -1 + 1 + -24 + -38 + -9 + 6?
-65
Evaluate (9 - 23) + 2 - -126 - (-1 + 3 + -5).
117
-14 + (-8 - (12 - 15 - 9))
-10
Calculate 131 - (-9 + (47 - (14 - -33))).
140
3 + -5 + 625 + -553
70
Calculate 36 - (-60 + -36 - -174).
-42
(1 - 38) + (2 - 76) + 82
-29
(-31 + -23 - (3 - (7 + 10))) + 19
-21
What is the value of 118 + (71 - 188) - -40?
41
Calculate -1 + 16 + (-378 - -374) + -51 + 6.
-34
5 - ((10 - (11 - -11)) + 8 - -13)
-4
Evaluate 31 + 1 + -28 + -75 + 140.
69
36 + (-21 - (-3 + 1)) + (-40 - -47)
24
What is the value of 69 + 12 + -177 + 189 + 0 + -7?
86
1 - (3 - 0) - (38 - 23) - 15
-32
13 + 2 - 2 - (500 + -528)
41
What is 144 + (27 - 133) - -36?
74
What is 553 + -573 - (-3 - 61)?
44
Evaluate (-48 - (-2 - 4)